{"id":753,"date":"2018-05-23T01:35:17","date_gmt":"2018-05-22T23:35:17","guid":{"rendered":"https:\/\/www.speedrungames.com\/?page_id=753"},"modified":"2018-06-26T00:46:56","modified_gmt":"2018-06-25T22:46:56","slug":"datenschutz-2","status":"publish","type":"page","link":"https:\/\/www.speedrungames.com\/?page_id=753","title":{"rendered":"Datenschutzerkl\u00e4rung"},"content":{"rendered":"<div style=\"text-align: justify;\">\n<h3><a href=\"https:\/\/www.speedrungames.com\/?page_id=745\">In English \/ Auf Englisch<\/a><\/h3>\n<p>Der Schutz personenbezogener Daten ist uns sehr wichtig und wir m\u00f6chten, dass Sie sich beim Besuch unserer Internet-Seiten sicher f\u00fchlen. Wir verarbeiten pers\u00f6nliche Daten, die beim Besuch unserer Website erhoben werden, gem\u00e4\u00df den gesetzlichen Bestimmungen, insbesondere im Sinne der EU-Datenschutz-Grundverordnung (DSGVO).<\/p>\n<p>Wir weisen darauf hin, dass die Daten\u00fcbertragung im Internet (z.B. bei der Kommunikation per E-Mail) Sicherheitsl\u00fccken aufweisen kann. Ein l\u00fcckenloser Schutz der Daten vor dem Zugriff durch Dritte ist nicht m\u00f6glich.<\/p>\n<h4>Hinweis zur verantwortlichen Stelle<\/h4>\n<p>Verantwortlicher gem\u00e4\u00df Artikel 4 Abssatz 7 EU-Datenschutzgrundverordnung (DSGVO) f\u00fcr die Datenverarbeitung auf dieser Website ist:<\/p>\n<p>Christian Teister<br \/>\nSaseler Chaussee 148<br \/>\n22393 Hamburg<br \/>\nE-Mail: christian(at)speedrungames.com<\/p>\n<p>Verantwortliche Stelle ist die nat\u00fcrliche oder juristische Person, die allein oder gemeinsam mit anderen \u00fcber die Zwecke und Mittel der Verarbeitung von personenbezogenen Daten (z.B. Namen, E-Mail-Adressen o. \u00c4.) entscheidet.<\/p>\n<h4>Kontakt mit uns<\/h4>\n<p>Wenn Sie per E-Mail Kontakt mit uns aufnehmen, werden Ihre angegebenen Daten zwecks Bearbeitung der Anfrage und f\u00fcr den Fall von Anschlussfragen bei uns gespeichert. Diese Daten geben wir nicht ohne Ihre Einwilligung weiter.<\/p>\n<h4>Zugriffsdaten<\/h4>\n<p>Beim Aufrufen unserer Website werden durch den auf Ihrem Endgera?t zum Einsatz kommenden Browser automatisch Informationen an den Server unserer Website gesendet. Diese Informationen werden tempora?r in einem sogenannten Logfile gespeichert. Folgende Informationen werden dabei ohne Ihr Zutun erfasst und bis zur automatisierten Lo?schung gespeichert:<\/p>\n<ul>\n<li style=\"list-style-type: none;\"><\/li>\n<li>Besuchte Website<\/li>\n<li>Uhrzeit zum Zeitpunkt des Zugriffes<\/li>\n<li>Menge der gesendeten Daten in Byte<\/li>\n<li>Quelle\/Verweis, von welchem Sie auf die Seite gelangten<\/li>\n<li>Verwendeter Browser<\/li>\n<li>Verwendetes Betriebssystem<\/li>\n<li>Verwendete IP-Adresse<\/li>\n<\/ul>\n<p>Die erhobenen Daten dienen lediglich statistischen Auswertungen und zur Verbesserung der Website. Wir behalten uns allerdings vor, die Server-Logfiles nachtr\u00e4glich zu \u00fcberpr\u00fcfen, sollten konkrete Anhaltspunkte auf eine rechtswidrige Nutzung hinweisen.<\/p>\n<h4>Ihre Rechte<\/h4>\n<p>Sie haben das Recht:<\/p>\n<ul>\n<li>gem\u00e4\u00df Art. 15 DSGVO Auskunft \u00fcber Ihre von uns verarbeiteten personenbezogenen Daten zu verlangen.<\/li>\n<li>gem\u00e4\u00df Art. 16 DSGVO unverz\u00fcglich die Berichtigung unrichtiger oder Vervollst\u00e4ndigung Ihrer bei uns gespeicherten personenbezogenen Daten zu verlangen.<\/li>\n<li>gem\u00e4\u00df Art. 17 DSGVO die L\u00f6schung Ihrer bei uns gespeicherten personenbezogenen Daten zu verlangen.<\/li>\n<li>Ihr Widerrufsrecht gem\u00e4\u00df Art. 7 Abs. 3 DSGVO auszu\u00fcben.<\/li>\n<li>Ihr Beschwerderecht gem\u00e4\u00df Art. 77 DSGVO gegen\u00fcber der Aufsichtsbeh\u00f6rde auszu\u00fcben.<\/li>\n<\/ul>\n<h4>Datensicherheit<\/h4>\n<p>Diese Seite nutzt aus Gr\u00fcnden der Sicherheit eine SSL-Verschl\u00fcsselung. Eine verschl\u00fcsselte Verbindung erkennen Sie daran, dass die Adresszeile des Browsers von \u201chttp:\/\/\u201d auf \u201chttps:\/\/\u201d wechselt und an dem Schloss-Symbol in Ihrer Browserzeile. Wenn die SSL Verschl\u00fcsselung aktiviert ist, k\u00f6nnen die Daten, die Sie an uns \u00fcbermitteln, nicht von Dritten mitgelesen werden.<\/p>\n<p>&nbsp;<\/p>\n<\/div>\n","protected":false},"excerpt":{"rendered":"<p>In English \/ Auf Englisch Der Schutz personenbezogener Daten ist uns sehr wichtig und wir m\u00f6chten, dass Sie sich beim Besuch unserer Internet-Seiten sicher f\u00fchlen. Wir verarbeiten pers\u00f6nliche Daten, die beim Besuch unserer Website erhoben werden, gem\u00e4\u00df den gesetzlichen Bestimmungen, insbesondere im Sinne der EU-Datenschutz-Grundverordnung (DSGVO). Wir weisen darauf hin, dass die Daten\u00fcbertragung im Internet [&hellip;]<\/p>\n","protected":false},"author":1,"featured_media":0,"parent":0,"menu_order":0,"comment_status":"closed","ping_status":"closed","template":"","meta":{"footnotes":"","_links_to":"","_links_to_target":""},"_links":{"self":[{"href":"https:\/\/www.speedrungames.com\/index.php?rest_route=\/wp\/v2\/pages\/753"}],"collection":[{"href":"https:\/\/www.speedrungames.com\/index.php?rest_route=\/wp\/v2\/pages"}],"about":[{"href":"https:\/\/www.speedrungames.com\/index.php?rest_route=\/wp\/v2\/types\/page"}],"author":[{"embeddable":true,"href":"https:\/\/www.speedrungames.com\/index.php?rest_route=\/wp\/v2\/users\/1"}],"replies":[{"embeddable":true,"href":"https:\/\/www.speedrungames.com\/index.php?rest_route=%2Fwp%2Fv2%2Fcomments&post=753"}],"version-history":[{"count":6,"href":"https:\/\/www.speedrungames.com\/index.php?rest_route=\/wp\/v2\/pages\/753\/revisions"}],"predecessor-version":[{"id":774,"href":"https:\/\/www.speedrungames.com\/index.php?rest_route=\/wp\/v2\/pages\/753\/revisions\/774"}],"wp:attachment":[{"href":"https:\/\/www.speedrungames.com\/index.php?rest_route=%2Fwp%2Fv2%2Fmedia&parent=753"}],"curies":[{"name":"wp","href":"https:\/\/api.w.org\/{rel}","templated":true}]}}